inder when g is divided by 15.
10
Let q = 38 + -16. What is the remainder when 85 is divided by q?
19
What is the remainder when 2*3/(-30) - 22/(-10) is divided by 2?
0
Let t = 1 - -1. Let c be (-1)/t - (-75)/10. Suppose 4*v = -0*v - 5*d + 11, v - c = 3*d. Calculate the remainder when 7 is divided by v.
3
Suppose -5*a = 5*r - 140, 7*r - 6*r = 2. What is the remainder when 97 is divided by a?
19
Let o(q) = q**3 + q**2 + q + 5. Let y be o(0). Suppose -64 = -y*v - 5*g + 81, 2*v + 3*g = 60. What is the remainder when v is divided by 15?
12
Suppose -5*q - c + 8 - 23 = 0, 4*q + 3*c = -12. What is the remainder when 10 is divided by (q + -1)/(-4) - -2?
1
Suppose 0 = -5*j + 3*j + 152. Calculate the remainder when j is divided by 16.
12
Suppose 0 = 5*t - 2*n - 96, 0 = -3*t - 4*n - 6 + 48. Suppose -300 = -4*r - 88. Calculate the remainder when r is divided by t.
17
What is the remainder when ((-93)/6)/((-5)/10) is divided by 9?
4
Let p be (1/(-2)*-10)/1. Suppose p*a = 18 - 3. Suppose -5*l + 4 = x, 0 = 2*x + 2*l - 0*l - 16. What is the remainder when x is divided by a?
0
Let v(r) = -r**3 + 3*r**2 + 2*r - 3. Suppose -l = -0*l - 6. Suppose 4*p - 12 = 0, 3*p - l = 3*a - p. Calculate the remainder when 13 is divided by v(a).
3
Suppose 4*u - 16 = 5*f - 4, 0 = -4*u + f - 4. Let r be ((-24)/(-10))/u*5. Calculate the remainder when 14*((-21)/r)/1 is divided by 17.
15
Let i = 6 + -4. Suppose 3 = -p - i*p. Let u(c) = -7*c - 1. Calculate the remainder when 17 is divided by u(p).
5
Suppose -10*s = -9*s - 3. Calculate the remainder when 17 is divided by s.
2
Suppose -16 = -2*l + 5*m, 18 = 4*l - m - 2*m. What is the remainder when 7 is divided by l?
1
Let o = 139 + -57. What is the remainder when o is divided by 17?
14
Let h(g) = -g**3 - 10*g**2 - 11*g. What is the remainder when 71 is divided by h(-9)?
17
Suppose 20*g = 21*g - 159. Calculate the remainder when g is divided by 40.
39
What is the remainder when (156/(-20))/((-9)/30) is divided by 9?
8
Let o be (-4)/14 + (-120)/(-28). Suppose -32 = -r + k, 4*r + o*k = -0*r + 168. Calculate the remainder when r is divided by 13.
11
Let q = 3 + -22. Let w = q + 44. What is the remainder when w is divided by 7?
4
Let i(x) = x**3 - 12*x**2 + 11*x + 11. Calculate the remainder when i(11) is divided by 4.
3
Suppose -1 - 254 = -3*c. Suppose 5*j + 2*u - 7*u - c = 0, 2*u - 26 = -3*j. Calculate the remainder when 46 is divided by j.
10
Suppose -2*u = 3*a - 52, u + 2*a = 6*u - 92. Let s = u + -10. What is the remainder when 19 is divided by s?
9
Suppose -4*i + 35 = 4*y - i, 5*y = -2*i + 35. What is the remainder when (-272)/(-20) - 4/(-10) is divided by y?
4
Let f(l) = -l**3 + 7*l**2 - 4*l + 8. Calculate the remainder when 38 is divided by f(6).
18
Calculate the remainder when 22/(-99) + (-166)/(-18) is divided by 3.
0
Let u = -17 - -10. Let s = u - -17. Let y = s + -6. Calculate the remainder when 13 is divided by y.
1
Let p(l) = -10*l - 4. Suppose 69 = k - m, 2*k + m - 69 = 78. Suppose 0 = u + 2*u - k. Calculate the remainder when p(-5) is divided by u.
22
Calculate the remainder when 44 is divided by ((-3)/9)/((-2)/102).
10
Suppose 5*l = 112 + 103. What is the remainder when l is divided by 22?
21
Let b(z) = 8*z**3 - 4*z**2 - 4*z - 3. Let k be b(-2). Let d = -36 - k. Calculate the remainder when d is divided by 14.
11
Let k(z) = z + 11. Suppose 0 = 2*x - 5*f - 28, 0 = -3*x + 6*x + 3*f - 42. Suppose 3*y + x = -10. Calculate the remainder when 4 is divided by k(y).
1
Let k be (0 + -1)/(9/(-18)). Suppose 0*i = k*i - 18. Calculate the remainder when i is divided by 6.
3
Suppose 9 = z - 1. Suppose -4*t = -p - 12, 3*t - 2*p = 2*t + z. Suppose -v + 39 = t*v. Calculate the remainder when 25 is divided by v.
12
Let c(r) = -r**3 - 7*r**2 + 4*r - 16. What is the remainder when 61 is divided by c(-8)?
13
Let q(a) be the first derivative of -3*a**4/4 - a**3/3 - 2*a**2 - 3*a + 1. Calculate the remainder when q(-2) is divided by 13.
12
Suppose -4*h - y + 4*y = -5, -2*y = -h. Suppose 0 = -h*r - r + 18. Calculate the remainder when 10 is divided by r.
4
Suppose -f - 3*j = -20, 3*f + 2*j - 5 = 4*j. Let c = -3 - -1. What is the remainder when f is divided by (0/c - 0) + 2?
1
Let c(q) = -q + 17. Let t be c(14). Suppose 0 = -5*s - 10, -2*o + 2*s = -189 + 61. What is the remainder when o is divided by t + -2 - (-5 + -15)?
20
Suppose 2*q + g = 3, q - 2*g - 14 = -5*g. Calculate the remainder when 38 is divided by 84/6 + q + 0.
12
Let j(f) = 2*f**3 - 4*f**2 + 3*f. Let r be j(2). Calculate the remainder when 18 is divided by r + (3 - (-2 + 4)).
4
Suppose d = -d. Let a = d - -3. Let m(w) = w + 2. Calculate the remainder when a is divided by m(0).
1
Suppose 3*z + 3*t - 3 = 9, z - 5*t + 14 = 0. Suppose -9 = -s - 2*s. Suppose -3*u = 3*h - s, -17 + 4 = -5*u + 3*h. What is the remainder when u is divided by z?
0
Let h be 3/(-18) + (-10)/12. Let l = 2 + -2. Calculate the remainder when 10 is divided by 0/h + l + 4.
2
Let d = -13 + 18. Suppose d*w + 5*z = 200, 4*z = -0*w - 3*w + 115. What is the remainder when w is divided by 24?
21
Let j(v) = -v**3 - 4*v**2 - v - 6. Let g be j(-6). Let q = g + -43. Calculate the remainder when q is divided by 16.
13
Suppose -3*h + 5 + 1 = 0. Suppose i = 2*k - 5, 2*i - 23 = -4*k + 7. What is the remainder when i is divided by h?
1
Let t(r) = r**2 + r - 5. Let n(p) be the third derivative of p**4/24 + 22*p**3/3 - p**2. Calculate the remainder when n(0) is divided by t(4).
14
Suppose 2*v + 127 = 3*c - 28, 0 = -3*c - 2*v + 175. Calculate the remainder when c is divided by 14.
13
Suppose 5*s + 42 - 122 = 0. What is the remainder when 45 is divided by s?
13
Suppose -215 = -5*u + 2*z, 0 = 5*u + 3*z + z - 185. Calculate the remainder when 156 is divided by u.
33
Let u = -21 + 31. Let v = u - 14. What is the remainder when (2/(-6))/(v/444) is divided by 19?
18
Let t be (-34)/(2/(-3 + 1)). Let j = t + -18. Calculate the remainder when 29 is divided by j.
13
Suppose -5*b + 7 = -38. What is the remainder when b is divided by 6?
3
Let u(b) = 5*b - 5. What is the remainder when u(4) is divided by (-3 - 2/4)*(-84)/49?
3
Suppose 4*l = 128 + 44. Let o(r) = r**2 - 7*r + 4. Let h be o(7). Suppose 4*y - 49 = y - h*u, -5*y + 79 = 4*u. Calculate the remainder when l is divided by y.
13
Suppose 0 = -o - 4*o. Let h(s) = -1 - 6*s**2 + 7*s**2 + o. What is the remainder when 29 is divided by h(-4)?
14
Let j = -11 + 18. Let c be 6/27 + 4/(-18). Suppose -v + c = -j. What is the remainder when 26 is divided by v?
5
Let p(m) = -2*m**2 + 3*m. Let y be p(-3). Suppose -5*o + 2*a + 31 = 0, -3*o - a = -0*o - 12. What is the remainder when o is divided by (-1)/4 + y/(-12)?
1
Let d = 46 + -10. Calculate the remainder when 70 is divided by d.
34
Let b(o) = -o**2 + o + 5. Let m be b(0). Suppose -m = -n + 8. Calculate the remainder when n is divided by (14/(-4))/((-1)/2).
6
Suppose 0 = -5*h + w + 58, -36 = -3*h - w + 2*w. What is the remainder when h is divided by 9?
2
Suppose -3*h = k - 73, 4*k + 27 = h - 6. What is the remainder when 99 is divided by h?
24
Let a = -28 + 44. What is the remainder when a is divided by 11?
5
Suppose 3*p - 22 = 47. Suppose 5*z - 26 = d + p, 3*d = 4*z - 37. What is the remainder when z is divided by 6?
4
Calculate the remainder when 18 is divided by 140/(-42)*(-6)/4.
3
Let j(h) = -4*h**3 - 2*h**2 - 2*h - 1. Let w = -623 - -627. What is the remainder when w is divided by j(-1)?
1
What is the remainder when 26 is divided by (6 - 11)*(-9)/3?
11
Let b(o) = 2*o - 1. Let n be b(2). Let y = 8 + -5. Suppose -19 = -2*h - y*s, n*h - 26 = -s - 8. Calculate the remainder when 14 is divided by h.
4
Let o(g) = g**3 - 2*g**2 + 3*g + 1. Suppose -3*u + 7 = -5. What is the remainder when o(u) is divided by 12?
9
Let k(n) = -25*n. Let v be k(-1). Suppose g - 3*x = v, -3*x = -x - 8. What is the remainder when g is divided by 10?
7
Let v be ((-400)/(-12))/((-2)/(-3)). Calculate the remainder when v/2 - (-2)/(-1) is divided by 6.
5
Let v(t) = t**3 + 2*t - 2. Calculate the remainder when 560/50*5/2 is divided by v(2).
8
Let d(l) = l + 3. Calculate the remainder when 13 is divided by d(2).
3
Let n(p) = -p**2 - 2*p + 2. Let l(r) be the third derivative of r**5/60 - r**4/4 + 2*r**3/3 + r**2. Calculate the remainder when l(6) is divided by n(0).
0
Calculate 